be the first derivative of 8*f**2 - f**2 + 5*f**2 + 104 - 12*f**2 - 2*f + f**3. Calculate g(1).
1
Let p(m) = -m**3 - 6*m**2 + 6*m - 2. Let x be (-3)/(-18)*(-39 - -3). Give p(x).
-38
Let v(z) be the third derivative of -7/6*z**3 + 0 + 1/60*z**5 - 5*z**2 - 4*z + 13/24*z**4. Determine v(-14).
7
Let b(v) = -10*v. Suppose -m = 3*l - 18, 2*m - 5*m = -l - 54. Suppose 0 = -4*f - 5*f + m. Calculate b(f).
-20
Let v(l) = 23*l + 1. Let f(z) = -41*z + 4. Let i(o) = f(o) + 2*v(o). Let b = 9 - 14. Give i(b).
-19
Let v = -52 - -86. Let w(d) = d**2 + 11*d + 12. Let f be w(-10). Suppose 4*n + 0*l - f*l - v = 0, 2*l = n - 4. Let h(j) = j - 17. Give h(n).
-7
Let j(g) = -22*g - 5. Suppose -6*w = 3*t + 15, -3*w - 11 = 4*t + 2*w. Let y(m) = -3*m - 1. Let o(b) = t*j(b) - 3*y(b). Calculate o(1).
-15
Let a(i) = 130*i - 19. Let b(o) = -600*o + 95. Let z(w) = -14*a(w) - 3*b(w). Calculate z(-1).
1
Suppose -3*a - 7 = -4*n + 7, -2*a = -4*n + 16. Let y(g) = 15*g - 2*g - 21 + 2*g**a + g - g**2. Calculate y(-15).
-6
Let c(a) be the first derivative of a**3/3 + 7*a**2/2 + 8*a + 438. Calculate c(-5).
-2
Let n(b) = b**3 - 11*b**2 - b + 1. Let v be n(11). Let t(j) = -j**3 - 10*j**2 + 4*j - 6. Calculate t(v).
-46
Let b be (10 + 4 - 3)*2. Suppose 3*a + m = -0*a + 24, -a = 5*m - b. Let h(n) = -n**2 + 8*n - 1. Calculate h(a).
6
Suppose b = 3*p - 45, 4*p - 47 = -7*b + 4*b. Suppose -5*h - 23 = g, -5*g + 4*h + p = -16. Let s(y) = 405*y**2 - 3*y - 1 - 406*y**2 + 4. Calculate s(g).
-7
Suppose 1 = -z - 0*z, 2*l = 4*z + 10. Let b(c) be the first derivative of c**3/3 + 3*c**2/2 - c + 123. What is b(l)?
17
Suppose -r - a - 3 = a, 0 = -4*r + 4*a. Let g be 16/3 + (-52)/39. Let v(h) = 3*h**3 + g + 3*h - 3 + 4*h**3 - 2*h. Calculate v(r).
-7
Suppose i - 137 = -134. Let p(y) = -28*y**i + 7*y**3 - 4*y - 2*y**2 - 1 - 3*y**3 + 2*y. Determine p(-1).
23
Let m(s) = -s - 47. Let j be ((-1736)/(-72))/1 + 2/(-18). What is m(j)?
-71
Let r(i) = i**3 + 12*i**2 - 13*i + 1. Let d(u) = -u + 25. Let j be d(-11). Suppose 0 = 2*a + 3*q + 50 - 30, 0 = -2*a + 5*q - j. Calculate r(a).
1
Let g(q) = q**3 + 7*q**2 + 4*q - 1. Let h be g(-5). Let i = h + -23. Let y(s) = 6*s - 5*s - i*s. Determine y(1).
-5
Let f = 497 - 497. Let h(q) be the first derivative of -18*q + 0*q**2 + 1/3*q**3 + 2. Determine h(f).
-18
Let v(r) = -r - 3. Let i be 8/((-5)/((-20)/8)). Suppose -i*b + 5*s = -47, 2*b - 35 = -5*s + 26. Let g be (28/(-8) - -3) + b/4. Determine v(g).
-7
Let x(z) = -6*z - 2. Let r(h) = 2*h - 21. Let n be r(6). Let p(q) = q**3 + 7*q**2 - 20*q - 15. Let v be p(n). Determine x(v).
-20
Let t(k) = 9 + k**2 + 35*k + 65*k - 99*k. Calculate t(-7).
51
Suppose -15 = 7*m - 78. Let n(f) = 3 - 3*f - 3*f + 0*f + 19 + 3*f. Calculate n(m).
-5
Let y(h) be the first derivative of -33*h**2/2 + 632*h - 1125. Give y(19).
5
Let d(m) = m**3 + 10*m**2 - 102*m + 172. Let u be d(3). Let p(h) = h**2 + 17*h + 36. What is p(u)?
36
Suppose 14*b = 8*b + 42. Let h(m) be the first derivative of 11*m**2/2 - 14*m + 18. Let o(t) = -5*t + 7. Let k(i) = 3*h(i) + 7*o(i). What is k(b)?
-7
Let x(i) = i**2 - 1. Let m(f) = 3*f**2 + 16*f + 32. Let t(k) = -m(k) + 2*x(k). Let b be t(-14). Let o(y) = y + 4. Give o(b).
-2
Let l = 8 + -6. Let q(f) = 7*f**l + 9*f - 9*f**2 - 5*f + 6*f**3 - 5*f. What is q(-1)?
-7
Let f(l) = -59*l**2 - 3*l + 4. Let u(s) = 113*s**2 + 6*s - 7. Let i(y) = -9*f(y) - 5*u(y). What is i(-1)?
-32
Let w(y) = -y**2 + y + 8. Let a(t) = t**2 + 4*t + 5. Let q be a(-4). Suppose 0 = 3*u - 15, -5*c + 190 = -10*c - q*u. Let j = c - -43. Determine w(j).
8
Let p(a) = -a**2 + 12. Suppose 5*s = -5*u + 35, 3*u - 5*s = 3 - 14. Let l(x) = -3 - x - u + 6 + 2. Let t be l(2). Calculate p(t).
12
Let u(a) = -61*a + 30*a + 586 - 2*a**2 + 6*a**2 - 568. Determine u(7).
-3
Let d be 494/(-133) + (-4)/14. Let o be d/(-5) - (-2 + (-28)/(-10)). Let h(l) = -l - 13. Give h(o).
-13
Let v = 167 + -66. Let l = v + -90. Let p(j) = -j**3 + 12*j**2 - 10*j + 6. Give p(l).
17
Let s(a) = 332*a - a**3 - 331*a + 23 - 6*a**2 - 21. What is s(-5)?
-28
Let k(g) = -g**2 + 11*g + 63. Let a be k(-4). Let u(w) = 4 - 7*w - a - 7*w**2 + 8*w**2. What is u(5)?
-9
Suppose -28 = 11*o + 16*o - 82. Let x(z) = -2*z - 9. Calculate x(o).
-13
Let t(k) = 4*k**2 - 2*k + 1. Suppose p = -2*i + 2*p + 3, -5*i + 12 = 2*p. Calculate t(i).
13
Let b(x) = 6*x + 13 - 51 + 9 + 12 + 10. Calculate b(12).
65
Let u(w) = -w**2 + 21*w - 13. Let o(h) = h**2 - 25*h + 14. Let x(g) = -3*o(g) - 4*u(g). Determine x(8).
2
Let p(o) be the first derivative of 5*o**2/2 - 17*o - 827. What is p(5)?
8
Let z(h) be the second derivative of h**5/20 - 5*h**4/6 + 2*h**3 - 3*h**2 - 4*h - 94. Determine z(9).
21
Let m(r) be the third derivative of -r**5/30 - 17*r**4/24 - 8*r**3/3 + 3371*r**2. Determine m(-12).
-100
Suppose -464 - 167 = -199*k + 364. Let s(n) = -5*n**2 - 3*n + 146. Determine s(k).
6
Let c(s) = s + 1. Let t(b) be the first derivative of b**4/4 - b**3/3 - 5*b**2/2 + 27. Let l(q) = -5*c(q) - t(q). Let u be (-1 + 1)/(3 + 0). Determine l(u).
-5
Let k(r) be the first derivative of -3*r + 96 - 1/3*r**3 - 3*r**2. What is k(-7)?
-10
Let z(g) = -g**2 - 8*g - 5. Let b(m) = -4*m - 87. Let c be b(-23). Suppose 6*x + 2*d = c*x - 7, -3*x - 5*d = 20. Give z(x).
10
Let y(h) be the third derivative of -25*h**4/24 - h**3/6 - 2*h**2 - 288. Give y(1).
-26
Let w(r) be the second derivative of r**3/6 + 3*r**2 + 3*r - 3. Let q(v) = -v - 11. Let t(b) = 3*q(b) + 5*w(b). Calculate t(2).
1
Let p = -50 + 286. Suppose 25*y + p - 86 = 0. Let h(z) = -2*z**2 - 10*z - 9. Determine h(y).
-21
Let z(k) = k + 38. Let v(r) = -r**3 - 23*r**2 + 9*r + 191. Let c be v(-23). Give z(c).
22
Suppose 0 = 4*k - 5*k - 4. Let q(o) = 14 + 7 - 7 - 10 - 8 - o. Determine q(k).
0
Let p(n) be the first derivative of 2*n**3/3 - n**2 - 2*n - 179. Calculate p(-3).
22
Let d(o) be the second derivative of 5*o**4/12 + 3*o**3 + 5*o**2 + o - 39. Calculate d(-4).
18
Suppose -3*b = 2*d + 6, 69*d = -3*b + 64*d - 15. Let z(t) = 11*t - 14. Give z(b).
-14
Let k(x) be the first derivative of 2*x**3 + 3*x**2 - 8*x + 1913. Give k(-2).
4
Let c(s) = 9355*s + 3 - 1 - 9354*s. Let z be 0/(-2 + 3)*(-2)/4. What is c(z)?
2
Let a(q) be the first derivative of -97 + 1/3*q**3 - 4*q - 1/2*q**2. Determine a(-4).
16
Let r = 16237 - 9510. Let n(b) = -6728*b**2 + 1 + 0*b - b - 3 + r*b**2. Calculate n(-2).
-4
Let a(d) = 13*d**3 - 48*d**2 - 19*d + 41. Let b(v) = 6*v**3 - 23*v**2 - 7*v + 21. Let g(u) = -4*a(u) + 9*b(u). Determine g(6).
-5
Suppose 321*a + 320 = 241*a. Suppose 3*j + 0*j - 2 = 4*i, -4*j = 3*i - 11. Let v(g) = i + 7 - 4 - g**2. Determine v(a).
-12
Let p = -9181 - -9197. Let a(c) = -c**2 + 13*c - 34. Determine a(p).
-82
Let n(m) = -40*m + 63. Let s(c) = 22*c - 32. Let f(u) = -6*n(u) - 11*s(u). What is f(11)?
-48
Let v(a) = -a - 3. Let u(g) = -g**3 + 5*g**2 + 14*g + 1. Let q(c) = -c + 22. Let n be q(15). Let d be u(n). Suppose -11 - d = 3*y. Determine v(y).
1
Let m(p) be the first derivative of p**4/4 - p**3/3 - 19*p - 231. Suppose -3 = -0*o + o - g, 3*g - 9 = -2*o. Determine m(o).
-19
Let j(h) = h**2 - 4*h + 10. Let n(g) = 2*g**2 + 16*g + 19. Let b be n(-6). Calculate j(b).
55
Let f(k) be the first derivative of -k**3/3 + 11*k**2 - 27*k - 39. Let a = -39 + 60. Let g be f(a). Let h(n) = -n**2 - 5*n + 4. Determine h(g).
-2
Let m(k) be the second derivative of k**3/2 - 47*k**2/2 + 2*k + 2315. Determine m(12).
-11
Let u(s) = 4*s**3 + 2*s**2 - 1. Let k = -227 + 224. Let l(a) = 2*a**3 + 5*a**2 - 2*a + 4. Let x be l(k). Calculate u(x).
5
Let y be (11/55)/(1/45). Let k(b) = 7*b - y*b**2 - 34 + 3*b**2 + b**3 + 26. Determine k(5).
2
Let r(l) = 74*l**2 + 15*l + 11. Let j(g) = -89*g**2 - 16*g - 15. Let t(h) = -5*j(h) - 6*r(h). Calculate t(11).
20
Let q(p) = -p**2 - 4*p + 1. Let n(j) = -2*j - 45. Let a(l) = l**3 + 3*l**2 - 3. Let k be a(-4). Let i be n(k). What is q(i)?
-20
Let p(k) be the second derivative of -k**3/2 - 5*k**2/2 - 11*k. Let f(y) = -2*y**2 + 18*y - 22. Suppose -2*t - 49 = -9*t. Let q be f(t). Give p(q).
-23
Let h(v) = -v + 28. Let j be 6/16 + (-2071)/(-152). Give h(j).
14
Let l(a) = 12*a + 211. Let f = 4965 + -4982. Determine l(f).
7
Let m(t) = 54*t + 5313. Let d be m(-99). Let c(v) = -v**2 - 36*v - 96. Determine c(d).
3
Let o(c) = 23*c - 18. Let p = -23731 + 23733. Give o(p).
28
Let x(v) be the third derivat